{"id":182,"date":"2015-03-10T09:30:48","date_gmt":"2015-03-10T09:30:48","guid":{"rendered":"http:\/\/www.ws-brb.de\/?page_id=182"},"modified":"2015-03-10T10:31:30","modified_gmt":"2015-03-10T10:31:30","slug":"schalungsbau","status":"publish","type":"page","link":"https:\/\/www.ws-brb.de\/?page_id=182","title":{"rendered":"Schalungsbau"},"content":{"rendered":"<p lang=\"zxx\">Wir l\u00f6sen Ihre Schalungsaufgaben zuverl\u00e4ssig Schalungen im Hoch- und Tiefbau, W\u00e4nde, Keller, Decken, Gartenmauern, Treppen, Swimmingpools.\u00a0Unsere Mitarbeiter stehen Ihnen zur Seite, planen, fertigen, transportieren, \u00a0und montieren vor Ort Ihre individuelle Schalung.<\/p>\n","protected":false},"excerpt":{"rendered":"<p>Wir l\u00f6sen Ihre Schalungsaufgaben zuverl\u00e4ssig Schalungen im Hoch- und Tiefbau, W\u00e4nde, Keller, Decken, Gartenmauern, Treppen, Swimmingpools.\u00a0Unsere Mitarbeiter stehen Ihnen zur Seite, planen, fertigen, transportieren, \u00a0und montieren vor Ort Ihre individuelle Schalung.<\/p>\n","protected":false},"author":1,"featured_media":0,"parent":0,"menu_order":0,"comment_status":"closed","ping_status":"closed","template":"","meta":{"ngg_post_thumbnail":0},"_links":{"self":[{"href":"https:\/\/www.ws-brb.de\/index.php?rest_route=\/wp\/v2\/pages\/182"}],"collection":[{"href":"https:\/\/www.ws-brb.de\/index.php?rest_route=\/wp\/v2\/pages"}],"about":[{"href":"https:\/\/www.ws-brb.de\/index.php?rest_route=\/wp\/v2\/types\/page"}],"author":[{"embeddable":true,"href":"https:\/\/www.ws-brb.de\/index.php?rest_route=\/wp\/v2\/users\/1"}],"replies":[{"embeddable":true,"href":"https:\/\/www.ws-brb.de\/index.php?rest_route=%2Fwp%2Fv2%2Fcomments&post=182"}],"version-history":[{"count":4,"href":"https:\/\/www.ws-brb.de\/index.php?rest_route=\/wp\/v2\/pages\/182\/revisions"}],"predecessor-version":[{"id":233,"href":"https:\/\/www.ws-brb.de\/index.php?rest_route=\/wp\/v2\/pages\/182\/revisions\/233"}],"wp:attachment":[{"href":"https:\/\/www.ws-brb.de\/index.php?rest_route=%2Fwp%2Fv2%2Fmedia&parent=182"}],"curies":[{"name":"wp","href":"https:\/\/api.w.org\/{rel}","templated":true}]}}